er?
True
Is 46193 prime?
False
Is 281101 prime?
False
Is 218577 composite?
True
Is 991411 composite?
True
Is 559049 a prime number?
True
Is 68711 prime?
True
Is 242453 a prime number?
True
Is 113018 a composite number?
True
Is 57907 a composite number?
True
Is 8059 composite?
False
Is 284167 a prime number?
False
Is 25539 prime?
False
Is 445193 a composite number?
True
Is 29599 a composite number?
False
Is 91621 composite?
False
Is 12929 composite?
True
Is 1499 a prime number?
True
Is 23929 composite?
False
Is 18741 a composite number?
True
Is 5167 composite?
False
Is 260089 a prime number?
True
Is 117833 prime?
True
Is 16301 a composite number?
False
Is 3105789 a prime number?
False
Is 158959 a prime number?
True
Is 17059 composite?
True
Is 407062 composite?
True
Is 96643 a prime number?
True
Is 22583 composite?
True
Is 24527 a prime number?
True
Is 563423 a composite number?
True
Is 10597 a prime number?
True
Is 137551 a composite number?
True
Is 1262881 a prime number?
True
Is 9827 a composite number?
True
Is 24439 a composite number?
False
Is 2629601 a composite number?
True
Is 128111 a composite number?
False
Is 1090681 a prime number?
True
Is 11303 a composite number?
True
Is 252529 a composite number?
True
Is 11699 a composite number?
False
Is 2813 composite?
True
Is 434489 prime?
False
Is 11901 composite?
True
Is 86651 composite?
True
Is 367 a prime number?
True
Is 95533 prime?
False
Is 1013093 a composite number?
True
Is 36433 a prime number?
True
Is 2951801 composite?
False
Is 284847 composite?
True
Is 168053 a composite number?
True
Is 2401447 prime?
True
Is 79603 composite?
True
Is 241933 prime?
False
Is 1018061 a prime number?
False
Is 160499 composite?
False
Is 807 a prime number?
False
Is 23531 prime?
True
Is 1823 composite?
False
Is 1326641 a composite number?
False
Is 51358 a prime number?
False
Is 2039 a composite number?
False
Is 11657 a prime number?
True
Is 4839 prime?
False
Is 11463 a prime number?
False
Is 377123 a composite number?
False
Is 62389 a composite number?
True
Is 5351 a composite number?
False
Is 350807 a composite number?
True
Is 72133 prime?
False
Is 5731 composite?
True
Is 12197 a prime number?
True
Is 589367 prime?
False
Is 75323 a composite number?
False
Is 787427 composite?
False
Is 10133 a composite number?
False
Is 126537 a composite number?
True
Is 155921 composite?
False
Is 38219 a prime number?
True
Is 60829 composite?
True
Is 151729 prime?
True
Is 2921 composite?
True
Is 619937 composite?
True
Is 29489 prime?
False
Is 1627967 a composite number?
True
Is 26747 a prime number?
False
Is 133769 a composite number?
False
Is 532442 prime?
False
Is 977201 prime?
False
Is 5303 a composite number?
False
Is 31877 a composite number?
True
Is 2333 a prime number?
True
Is 68597 composite?
False
Is 55963 prime?
False
Is 1215385 a composite number?
True
Is 737687 a composite number?
False
Is 2676457 composite?
True
Is 124139 a prime number?
True
Is 61727 a composite number?
True
Is 35543 composite?
False
Is 20849 prime?
True
Is 389 a composite number?
False
Is 79949 prime?
False
Is 7307 prime?
True
Is 2018 prime?
False
Is 157701 composite?
True
Is 70757 composite?
True
Is 12734 a prime number?
False
Is 216679 composite?
False
Is 77093 prime?
True
Is 191931 a prime number?
False
Is 334 a composite number?
True
Is 84687 a prime number?
False
Is 78397 prime?
False
Is 60646 a composite number?
True
Is 24014 a prime number?
False
Is 434729 a composite number?
True
Is 123167 prime?
False
Is 5333 a prime number?
True
Is 185089 prime?
True
Is 34231 a prime number?
True
Is 4126 a prime number?
False
Is 29687 a prime number?
False
Is 77191 a prime number?
True
Is 1982329 composite?
True
Is 2087983 composite?
False
Is 12047 prime?
False
Is 7507 a prime number?
True
Is 1049 prime?
True
Is 239489 a composite number?
False
Is 3274 a composite number?
True
Is 3049 a composite number?
False
Is 5273 prime?
True
Is 443 composite?
False
Is 1293 a composite number?
True
Is 155201 a prime number?
True
Is 25097 prime?
True
Is 109013 a prime number?
True
Is 65677 prime?
True
Is 19853 composite?
False
Is 5219 a prime number?
False
Is 72913 composite?
True
Is 127691 composite?
False
Is 991457 a composite number?
True
Is 169129 a composite number?
False
Is 693229 a composite number?
True
Is 25813 a prime number?
False
Is 235091 prime?
True
Is 23957 composite?
False
Is 859439 prime?
False
Is 73339 a prime number?
False
Is 28751 a composite number?
False
Is 133483 a composite number?
True
Is 2735437 prime?
True
Is 3035 a composite number?
True
Is 880661 a composite number?
False
Is 22679 prime?
True
Is 79423 prime?
True
Is 79601 a composite number?
False
Is 6547 a prime number?
True
Is 59273 a composite number?
False
Is 1046443 a composite number?
True
Is 350305 composite?
True
Is 9913 prime?
False
Is 55439 prime?
True
Is 4685 composite?
True
Is 1345 prime?
False
Is 13751 a prime number?
True
Is 1336261 composite?
False
Is 55429 prime?
False
Is 19841 a prime number?
True
Is 144817 prime?
True
Is 400559 composite?
False
Is 16123 a prime number?
False
Is 40301 composite?
True
Is 33595 a prime number?
False
Is 901 a prime number?
False
Is 73879 a composite number?
True
Is 29059 composite?
False
Is 7409 a composite number?
True
Is 25735 a composite number?
True
Is 113567 a composite number?
False
Is 22262 prime?
False
Is 23761 a prime number?
True
Is 363791 a composite number?
True
Is 141907 a prime number?
True
Is 33713 a prime number?
True
Is 166471 composite?
False
Is 5688939 a prime number?
False
Is 37667 prime?
False
Is 874037 a prime number?
True
Is 10117 composite?
True
Is 359141 prime?
False
Is 1427653 a prime number?
True
Is 10943 composite?
True
Is 28141 prime?
False
Is 2757563 composite?
False
Is 35339 prime?
True
Is 2161 a prime number?
True
Is 48799 a prime number?
True
Is 26017 composite?
False
Is 332159 composite?
False
Is 39679 composite?
False
Is 188023 a prime number?
False
Is 7829 prime?
True
Is 2672009 prime?
False
Is 611827 a composite number?
False
Is 34157 a composite number?
False
Is 103463 composite?
True
Is 50669 prime?
False
Is 5003 a prime number?
True
Is 107441 a composite number?
False
Is 83767 prime?
False
Is 1379681 a prime number?
True
Is 967 composite?
False
Is 84787 prime?
True
Is 283522 a composite number?
True
Is 1658577 prime?
False
Is 241747 a prime number?
False
Is 17551 a composite number?
False
Is 29639 a prime number?
False
Is 49597 a composite number?
False
Is 199097 prime?
False
Is 3761 a prime number?
True
Is 320159 composite?
True
Is 41843 a composite number?
False
Is 704437 a prime number?
False
Is 68533 composite?
True
Is 1823 a prime number?
True
Is 6449 a composite number?
False
Is 1033529 a composite number?
True
Is 12827 a composite number?
True
Is 4258 composite?
True
Is 130213 composite?
True
Is 77807 a prime number?
False
Is 9017 prime?
False
Is 12793 prime?
False
Is 14143 prime?
True
Is 194603 a composite number?
True
Is 1621979 a composite number?
False
Is 35782 a composite number?
True
Is 26761 composite?
True
Is 55577 a composite number?
True
Is 10862 prime?
False
Is 14971 prime?
False
Is 883705 prime?
False
Is 153093 a prime number?
False
Is 1349339 a composite number?
False
Is 9469 a composite number?
True
Is 71201 composite?
True
Is 203713 a composite number?
False
Is 2927 prime?
True
Is 17531 a prime number?
False
Is 90547 a prime number?
True
Is 30029 composite?
False
Is 87713 prime?
False
Is 53917 composite?
False
Is 11213 prime?
True
Is 83267 a composite number?
False
Is 62635 prime?
False
Is 653687 a composite number?
False
Is 60271 composite?
False
Is 11885 prime?
False
Is 319237 a composite number?
False
Is 648971 prime?
True
Is 68567 prime?
True
Is 326327 composite?
True
Is 843681 a composite number?
True
Is 2941 a prime number?
False
Is 228467 composite?
True
Is 449227 a prime number?
True
Is 26 a composite number?
True
Is 461479 a composite number?
False
Is 4156037 a composite number?
False
Is 409237 prime?
True
Is 6431951 a composite number?
False
Is 448811 prime?
False
Is 843673 composite?
True
Is 2181 a prime number?
False
Is 91174 composite?
True
Is 951 composite?
True
Is 394123 composite?
False
Is 3710921 a prime number?
True
Is 4421 composite?
False
Is 16078 pr